{"id":78,"date":"2013-02-08T00:28:52","date_gmt":"2013-02-08T00:28:52","guid":{"rendered":"http:\/\/eccl.com.br\/?page_id=78"},"modified":"2013-03-02T22:18:40","modified_gmt":"2013-03-02T22:18:40","slug":"servicos","status":"publish","type":"page","link":"https:\/\/eccl.com.br\/?page_id=78","title":{"rendered":"Servi\u00e7os"},"content":{"rendered":"<h3>Nossos Servi\u00e7os:<\/h3>\n<p>A ECCL tem como destaque a implanta\u00e7\u00e3o de edifica\u00e7\u00f5es com enfoque na qualidade, solidez e t\u00e9cnica, al\u00e9m de desenvolver v\u00e1rios servi\u00e7os na \u00e1rea ambiental atrav\u00e9s de parceria com a empresa BIOGEO.<\/p>\n<p>Nossos empreendimentos s\u00e3o rigorosamente planejados em conformidade com prazos, especifica\u00e7\u00f5es e memoriais descritivos.<\/p>\n<h3>Licita\u00e7\u00f5es:<\/h3>\n<p>A empresa \u00e9 muito atuante na constru\u00e7\u00e3o de obras p\u00fablicas, executando-as com responsabilidade \u00e9tica, seriedade e comprometimento, tendo participado e vencido diversas licita\u00e7\u00f5es ao longo dos seus anos de atua\u00e7\u00e3o, sempre honrando compromissos firmados com a Administra\u00e7\u00e3o P\u00fablica.<\/p>\n<h3>Programa Minha Casa Minha Vida:<\/h3>\n<p>A ECCL tamb\u00e9m participa do processo de concretiza\u00e7\u00e3o do sonho da casa pr\u00f3pria atrav\u00e9s da constru\u00e7\u00e3o de empreendimentos destinados ao programa Minha Casa, Minha Vida do governo federal.<\/p>\n","protected":false},"excerpt":{"rendered":"<p>Nossos Servi\u00e7os: A ECCL tem como destaque a implanta\u00e7\u00e3o de edifica\u00e7\u00f5es com enfoque na qualidade, solidez e t\u00e9cnica, al\u00e9m de desenvolver v\u00e1rios servi\u00e7os na \u00e1rea ambiental atrav\u00e9s de parceria com a empresa BIOGEO. Nossos empreendimentos s\u00e3o rigorosamente planejados em conformidade com prazos, especifica\u00e7\u00f5es e memoriais descritivos. Licita\u00e7\u00f5es: A empresa \u00e9 muito atuante na constru\u00e7\u00e3o de [&hellip;]<\/p>\n","protected":false},"author":1,"featured_media":0,"parent":0,"menu_order":0,"comment_status":"open","ping_status":"open","template":"","meta":[],"_links":{"self":[{"href":"https:\/\/eccl.com.br\/index.php?rest_route=\/wp\/v2\/pages\/78"}],"collection":[{"href":"https:\/\/eccl.com.br\/index.php?rest_route=\/wp\/v2\/pages"}],"about":[{"href":"https:\/\/eccl.com.br\/index.php?rest_route=\/wp\/v2\/types\/page"}],"author":[{"embeddable":true,"href":"https:\/\/eccl.com.br\/index.php?rest_route=\/wp\/v2\/users\/1"}],"replies":[{"embeddable":true,"href":"https:\/\/eccl.com.br\/index.php?rest_route=%2Fwp%2Fv2%2Fcomments&post=78"}],"version-history":[{"count":12,"href":"https:\/\/eccl.com.br\/index.php?rest_route=\/wp\/v2\/pages\/78\/revisions"}],"predecessor-version":[{"id":160,"href":"https:\/\/eccl.com.br\/index.php?rest_route=\/wp\/v2\/pages\/78\/revisions\/160"}],"wp:attachment":[{"href":"https:\/\/eccl.com.br\/index.php?rest_route=%2Fwp%2Fv2%2Fmedia&parent=78"}],"curies":[{"name":"wp","href":"https:\/\/api.w.org\/{rel}","templated":true}]}}

Serviços

<h3>Nossos Serviços:</h3>
<p>A ECCL tem como destaque a implantação de edificações com enfoque na qualidade, solidez e técnica, além de desenvolver vários serviços na área ambiental através de parceria com a empresa BIOGEO.</p>
<p>Nossos empreendimentos são rigorosamente planejados em conformidade com prazos, especificações e memoriais descritivos.</p>
<h3>Licitações:</h3>
<p>A empresa é muito atuante na construção de obras públicas, executando-as com responsabilidade ética, seriedade e comprometimento, tendo participado e vencido diversas licitações ao longo dos seus anos de atuação, sempre honrando compromissos firmados com a Administração Pública.</p>
<h3>Programa Minha Casa Minha Vida:</h3>
<p>A ECCL também participa do processo de concretização do sonho da casa própria através da construção de empreendimentos destinados ao programa Minha Casa, Minha Vida do governo federal.</p>

<p>Nossos Serviços: A ECCL tem como destaque a implantação de edificações com enfoque na qualidade, solidez e técnica, além de desenvolver vários serviços na área ambiental através de parceria com a empresa BIOGEO. Nossos empreendimentos são rigorosamente planejados em conformidade com prazos, especificações e memoriais descritivos. Licitações: A empresa é muito atuante na construção de [&hellip;]</p>
